{"id":270,"date":"2025-03-06T09:25:07","date_gmt":"2025-03-06T08:25:07","guid":{"rendered":"http:\/\/rekrutacja.2lo.pl\/?page_id=270"},"modified":"2025-03-07T13:11:01","modified_gmt":"2025-03-07T12:11:01","slug":"punktacja","status":"publish","type":"page","link":"https:\/\/rekrutacja.2lo.pl\/index.php\/punktacja\/","title":{"rendered":"Punktacja"},"content":{"rendered":"<p>Kandydat ubiegaj\u0105cy si\u0119 o przyj\u0119cie do szko\u0142y mo\u017ce otrzyma\u0107 maksymalnie <strong>200 punkt\u00f3w<\/strong>.<\/p>\n<ol>\n<li>Na pul\u0119 <strong>200 punkt\u00f3w <\/strong>sk\u0142ada si\u0119:<\/li>\n<\/ol>\n<p>&#8211; \u00a0max. <strong>100 punkt\u00f3w <\/strong>za wyniki egzaminu \u00f3smoklasisty (po <strong>0,35 pkt za ka\u017cdy punkt procentowy uzyskany z <\/strong>\u00a0j\u0119zyka polskiego i matematyki,\u00a0oraz <strong>0,3 pkt za ka\u017cdy punkt procentowy uzyskany z egzaminu z<\/strong> \u00a0j\u0119zyka obcego)<\/p>\n<p>&#8211;\u00a0 max. <strong>72 punkty za oceny z j\u0119zyka polskiego <\/strong>i <strong>matematyki <\/strong>oraz z <strong>dw\u00f3ch zaj\u0119\u0107 edukacyjnych<\/strong> na \u015bwiadectwie uko\u0144czenia szko\u0142y podstawowej:<\/p>\n<p><strong>\u00a0\u00a0\u00a0\u00a0\u00a0 a) w klasie humanistyczno\u2013 psychologiczno-medialnej<\/strong>: historii, j\u0119zyka angielskiego;<\/p>\n<p><strong>\u00a0\u00a0\u00a0\u00a0\u00a0 b) w klasie politechnicznej<\/strong>: fizyki, informatyki;<\/p>\n<p><strong>\u00a0\u00a0\u00a0\u00a0\u00a0 c) w klasie biologiczno\u2013 chemicznej<\/strong>: biologii, chemii;<\/p>\n<p><strong>\u00a0\u00a0\u00a0\u00a0\u00a0 d) w klasie technik informatyk<\/strong>:\u00a0 fizyki, informatyki;<\/p>\n<p><strong>przeliczonych zgodnie z zasad\u0105:<\/strong><\/p>\n<ul>\n<li>stopie\u0144 celuj\u0105cy<strong>&#8211; 18 punkt\u00f3w<\/strong><\/li>\n<\/ul>\n<ul>\n<li>stopie\u0144 bardzo dobry<strong> \u2013 17 punkt\u00f3w<\/strong><\/li>\n<\/ul>\n<ul>\n<li>stopie\u0144 dobry<strong> \u2013 14 punkt\u00f3w<\/strong><\/li>\n<\/ul>\n<ul>\n<li>stopie\u0144 dostateczny<strong> \u2013 8 punkt\u00f3w<\/strong><\/li>\n<\/ul>\n<ul>\n<li>stopie\u0144 dopuszczaj\u0105cy<strong>&#8211; 2 punkty<\/strong><\/li>\n<\/ul>\n<p>&nbsp;<\/p>\n<p>&#8211; za \u015bwiadectwo uko\u0144czenia szko\u0142y podstawowej z wyr\u00f3\u017cnieniem \u2013 <strong>7 punkt\u00f3w<\/strong>;<\/p>\n<p>&#8211; max. <strong>18 punkt\u00f3w <\/strong>za <strong>szczeg\u00f3lne osi\u0105gni\u0119cia wyszczeg\u00f3lnione na \u015bwiadectwie uko\u0144czenia szko\u0142y podstawowej,<\/strong><\/p>\n<p>&#8211; za osi\u0105gni\u0119cia w zakresie aktywno\u015bci spo\u0142ecznej, w tym na rzecz \u015brodowiska szkolnego,\u00a0 w szczeg\u00f3lno\u015bci w formie wolontariatu \u2013 <strong>3 punkty<\/strong>.<\/p>\n","protected":false},"excerpt":{"rendered":"<p>Kandydat ubiegaj\u0105cy si\u0119 o przyj\u0119cie do szko\u0142y mo\u017ce otrzyma\u0107 maksymalnie 200 punkt\u00f3w. Na pul\u0119 200 punkt\u00f3w sk\u0142ada si\u0119: &#8211; \u00a0max. 100 punkt\u00f3w za wyniki egzaminu \u00f3smoklasisty (po 0,35 pkt za ka\u017cdy punkt procentowy uzyskany z \u00a0j\u0119zyka polskiego i matematyki,\u00a0oraz 0,3 pkt za ka\u017cdy punkt procentowy uzyskany z egzaminu z \u00a0j\u0119zyka obcego) &#8211;\u00a0 max. 72 punkty&hellip;&nbsp;<a href=\"https:\/\/rekrutacja.2lo.pl\/index.php\/punktacja\/\" rel=\"bookmark\">Dowiedz si\u0119 wi\u0119cej &raquo;<span class=\"screen-reader-text\">Punktacja<\/span><\/a><\/p>\n","protected":false},"author":1,"featured_media":0,"parent":0,"menu_order":0,"comment_status":"closed","ping_status":"closed","template":"","meta":{"neve_meta_sidebar":"","neve_meta_container":"","neve_meta_enable_content_width":"off","neve_meta_content_width":100,"neve_meta_title_alignment":"","neve_meta_author_avatar":"","neve_post_elements_order":"","neve_meta_disable_header":"","neve_meta_disable_footer":"","neve_meta_disable_title":"","_themeisle_gutenberg_block_has_review":false,"footnotes":""},"class_list":["post-270","page","type-page","status-publish","hentry"],"_links":{"self":[{"href":"https:\/\/rekrutacja.2lo.pl\/index.php\/wp-json\/wp\/v2\/pages\/270","targetHints":{"allow":["GET"]}}],"collection":[{"href":"https:\/\/rekrutacja.2lo.pl\/index.php\/wp-json\/wp\/v2\/pages"}],"about":[{"href":"https:\/\/rekrutacja.2lo.pl\/index.php\/wp-json\/wp\/v2\/types\/page"}],"author":[{"embeddable":true,"href":"https:\/\/rekrutacja.2lo.pl\/index.php\/wp-json\/wp\/v2\/users\/1"}],"replies":[{"embeddable":true,"href":"https:\/\/rekrutacja.2lo.pl\/index.php\/wp-json\/wp\/v2\/comments?post=270"}],"version-history":[{"count":0,"href":"https:\/\/rekrutacja.2lo.pl\/index.php\/wp-json\/wp\/v2\/pages\/270\/revisions"}],"wp:attachment":[{"href":"https:\/\/rekrutacja.2lo.pl\/index.php\/wp-json\/wp\/v2\/media?parent=270"}],"curies":[{"name":"wp","href":"https:\/\/api.w.org\/{rel}","templated":true}]}}